s of 112211.
11, 101
List the prime factors of 851.
23, 37
List the prime factors of 16494.
2, 3, 2749
What are the prime factors of 28075?
5, 1123
What are the prime factors of 5767?
73, 79
What are the prime factors of 30032?
2, 1877
What are the prime factors of 114838?
2, 67, 857
List the prime factors of 5.
5
List the prime factors of 9368.
2, 1171
What are the prime factors of 944?
2, 59
List the prime factors of 153509.
153509
List the prime factors of 1077.
3, 359
List the prime factors of 2257.
37, 61
List the prime factors of 6102.
2, 3, 113
List the prime factors of 745.
5, 149
List the prime factors of 5692.
2, 1423
List the prime factors of 90377.
7, 12911
What are the prime factors of 11504?
2, 719
List the prime factors of 11.
11
What are the prime factors of 93477?
3, 31159
List the prime factors of 1177.
11, 107
What are the prime factors of 148?
2, 37
What are the prime factors of 15259?
15259
List the prime factors of 58103.
97, 599
List the prime factors of 3698.
2, 43
List the prime factors of 5525.
5, 13, 17
List the prime factors of 11297.
11, 13, 79
What are the prime factors of 1707?
3, 569
What are the prime factors of 230?
2, 5, 23
List the prime factors of 150328.
2, 19, 23, 43
What are the prime factors of 16409?
61, 269
What are the prime factors of 4793?
4793
List the prime factors of 1200.
2, 3, 5
What are the prime factors of 564?
2, 3, 47
List the prime factors of 16141.
16141
List the prime factors of 8345.
5, 1669
What are the prime factors of 41441?
29, 1429
List the prime factors of 740.
2, 5, 37
List the prime factors of 261.
3, 29
What are the prime factors of 1796?
2, 449
List the prime factors of 78476.
2, 23, 853
What are the prime factors of 55567?
181, 307
What are the prime factors of 63?
3, 7
What are the prime factors of 971?
971
What are the prime factors of 1687?
7, 241
What are the prime factors of 3343?
3343
What are the prime factors of 4230?
2, 3, 5, 47
List the prime factors of 1826.
2, 11, 83
List the prime factors of 1033.
1033
What are the prime factors of 88994?
2, 44497
List the prime factors of 1373.
1373
What are the prime factors of 3611?
23, 157
What are the prime factors of 997?
997
List the prime factors of 33.
3, 11
What are the prime factors of 10749?
3, 3583
List the prime factors of 38892.
2, 3, 7, 463
What are the prime factors of 517?
11, 47
List the prime factors of 224.
2, 7
What are the prime factors of 134957?
19, 7103
What are the prime factors of 3523?
13, 271
List the prime factors of 43873.
73, 601
List the prime factors of 1642.
2, 821
List the prime factors of 1239.
3, 7, 59
List the prime factors of 465.
3, 5, 31
What are the prime factors of 5053?
31, 163
List the prime factors of 41529.
3, 109, 127
List the prime factors of 1172.
2, 293
List the prime factors of 19555.
5, 3911
What are the prime factors of 319?
11, 29
List the prime factors of 13990.
2, 5, 1399
List the prime factors of 21893.
21893
List the prime factors of 112804.
2, 28201
List the prime factors of 1139.
17, 67
List the prime factors of 54495.
3, 5, 7, 173
What are the prime factors of 1650?
2, 3, 5, 11
List the prime factors of 12788.
2, 23, 139
List the prime factors of 3514.
2, 7, 251
List the prime factors of 73414.
2, 11, 47, 71
What are the prime factors of 3157?
7, 11, 41
What are the prime factors of 62403?
3, 11, 31, 61
List the prime factors of 1715.
5, 7
What are the prime factors of 10255?
5, 7, 293
List the prime factors of 21911.
21911
List the prime factors of 18356.
2, 13, 353
What are the prime factors of 3690?
2, 3, 5, 41
What are the prime factors of 12997?
41, 317
What are the prime factors of 6969?
3, 23, 101
What are the prime factors of 6433?
7, 919
What are the prime factors of 188232?
2, 3, 11, 23, 31
List the prime factors of 3818.
2, 23, 83
What are the prime factors of 6137?
17, 19
What are the prime factors of 398?
2, 199
List the prime factors of 33524.
2, 17, 29
List the prime factors of 149629.
149629
List the prime factors of 8158.
2, 4079
List the prime factors of 33274.
2, 127, 131
List the prime factors of 11745.
3, 5, 29
What are the prime factors of 1723?
1723
List the prime factors of 3014.
2, 11, 137
List the prime factors of 731.
17, 43
List the prime factors of 979.
11, 89
List the prime factors of 80991.
3, 8999
What are the prime factors of 6256?
2, 17, 23
List the prime factors of 4508.
2, 7, 23
What are the prime factors of 2387?
7, 11, 31
What are the prime factors of 5900?
2, 5, 59
List the prime factors of 1873.
1873
What are the prime factors of 323?
17, 19
List the prime factors of 1149.
3, 383
What are the prime factors of 244?
2, 61
What are the prime factors of 16572?
2, 3, 1381
List the prime factors of 2101.
11, 191
List the prime factors of 54036.
2, 3, 19, 79
List the prime factors of 1586.
2, 13, 61
What are the prime factors of 19763?
19763
What are the prime factors of 2563?
11, 233
List the prime factors of 75320.
2, 5, 7, 269
What are the prime factors of 21495?
3, 5, 1433
What are the prime factors of 5497?
23, 239
List the prime factors of 46714.
2, 23357
List the prime factors of 3902.
2, 1951
What are the prime factors of 6125?
5, 7
List the prime factors of 91191.
3, 113, 269
List the prime factors of 111866.
2, 55933
List the prime factors of 32535.
3, 5, 241
List the prime factors of 690.
2, 3, 5, 23
What are the prime factors of 85487?
85487
What are the prime factors of 208?
2, 13
List the prime factors of 27848.
2, 59
What are the prime factors of 2333?
2333
List the prime factors of 4481.
4481
What are the prime factors of 702?
2, 3, 13
List the prime factors of 742.
2, 7, 53
List the prime factors of 35964.
2, 3, 37
List the prime factors of 19614.
2, 3, 7, 467
What are the prime factors of 455?
5, 7, 13
What are the prime factors of 94096?
2, 5881
List the prime factors of 2469.
3, 823
List the prime factors of 26250.
2, 3, 5, 7
List the prime factors of 4030.
2, 5, 13, 31
List the prime factors of 12123.
3, 449
List the prime factors of 793.
13, 61
List the prime factors of 1845.
3, 5, 41
What are the prime factors of 128769?
3, 42923
List the prime factors of 10398.
2, 3, 1733
What are the prime factors of 63296?
2, 23, 43
List the prime factors of 941.
941
What are the prime factors of 14523?
3, 47, 103
List the prime factors of 1875.
3, 5
What are the prime factors of 12794?
2, 6397
List the prime factors of 4399.
53, 83
What are the prime factors of 515?
5, 103
List the prime factors of 347.
347
What are the prime factors of 9386?
2, 13, 19
List the prime factors of 45811.
61, 751
List the prime factors of 26543.
11, 19, 127
What are the prime factors of 6290?
2, 5, 17, 37
What are the prime factors of 829?
829
What are the prime factors of 2578?
2, 1289
List the prime factors of 28852.
2, 7213
List the prime factors of 22492.
2, 5623
What are the prime factors of 47686?
2, 113, 211
What are the prime factors of 173521?
73, 2377
What are the prime factors of 603?
3, 67
What are the prime factors of 1316?
2, 7, 47
What are the prime factors of 5901?
3, 7, 281
What are the prime factors of 75?
3, 5
What are the prime factors of 677?
677
What are the prime factors of 37072?
2, 7, 331
List the prime factors of 9782.
2, 67, 73
What are the prime factors of 538?
2, 269
What are the prime factors of 2819?
2819
What are the prime factors of 10270?
2, 5, 13, 79
List the prime factors of 12822.
2, 3, 2137
What are the prime factors of 327?
3, 109
What are the prime factors of 352?
2, 11
List the prime factors of 58979.
58979
List the prime factors of 96757.
96757
What are the prime factors of 1765?
5, 353
List the prime factors of 2914.
2, 31, 47
List the prime factors of 5019.
3, 7, 239
List the prime factors of 1367.
1367
What are the prime factors of 31416?
2, 3, 7, 11, 17
What are the prime factors of 540?
2, 3, 5
What are the prime factors of 638?
2, 11, 29
What are the prime factors of 2535?
3, 5, 13
List the prime factors of 15361.
15361
What are the prime factors of 3224?
2, 13, 31
List the prime factors of 31127.
17, 1831
List the prime factors of 268.
2, 67
What are the prime factors of 18878?
2, 9439
List the prime factors of 285.
3, 5, 19
List the prime factors of 600.
2, 3, 5
What are the prime factors o